u. What is the remainder when (-2 + 1)*25/(-1) is divided by h?
7
Let m(o) = -o**3 - 4*o**2 - 2*o + 5. Let a = -5 + 9. Calculate the remainder when m(-4) is divided by a.
1
Let d(l) = 3*l - 10. Let w(m) = -m**2 + 5*m + 7. Let o be w(6). Let b be -2 + (2 - o) + 8. What is the remainder when 21 is divided by d(b)?
10
Let l = 126 + -107. What is the remainder when 92 is divided by l?
16
Let y be (11 + -7)*(2 - -27). Suppose -2 = 2*r, u + r + 21 = 5*u. Suppose 3*f + 19 = -i + y, u*i + 11 = f. What is the remainder when f is divided by 11?
9
Let x be 3 - (2 + -3 + 3). Let d be (-13 + -2)*x/(-3). Suppose b + 10 = z - 0*b, 0 = -2*z + d*b + 14. What is the remainder when 23 is divided by z?
11
Let b(t) = -3 - 4*t + 2*t - 3*t**3 + 2*t**3 - 4*t**2. Let h be b(-3). Let i = h + 8. What is the remainder when 4 is divided by i?
0
Let c be 86/4 - (-2)/(-4). Suppose -4*g - 1 = -c. What is the remainder when ((-42)/9)/(4/(-12)) is divided by g?
4
Let p = 132 - 78. Calculate the remainder when 267 is divided by p.
51
Suppose 0*p - p = -4. Suppose 3*u = p*u + 2. What is the remainder when 0/2 - (-27 - u) is divided by 7?
4
Let t(g) = -3*g - 6. Suppose -5*n - v = -133, -79 = -3*n - 3*v + 2*v. What is the remainder when n is divided by t(-7)?
12
Suppose 15 = 2*l - 47. Suppose 5*k + 0*k + 20 = 0. Calculate the remainder when l is divided by 7/28 + (-43)/k.
9
Let r = 95 - 33. Calculate the remainder when r is divided by 16.
14
Let s(c) = -2*c + 1. Let m(h) = 8*h - 3 + h**2 - h - 2 - 2*h. Let d be m(-5). What is the remainder when 21 is divided by s(d)?
10
Let m = 23 - 16. Suppose -2*w + m = 3. Suppose 11 - 1 = w*i. Calculate the remainder when i is divided by 3.
2
Suppose -4*f = -4*s + 23 - 3, -s = 3*f - 5. Let h(j) = j**2 - 2 - 4*j - 3 + 2*j. What is the remainder when 18 is divided by h(s)?
8
Let s = -7 - -10. Suppose -s*u + 14 + 1 = 0. Suppose -13 = u*t - 58. What is the remainder when 17 is divided by t?
8
Let y = 39 - 17. What is the remainder when 86 is divided by y?
20
Let o be (-3 - -15)/(2/(-2)). Let w = 10 - o. What is the remainder when w is divided by ((-16)/10)/((-1)/5)?
6
Suppose 0 = 2*v + 8, -2*a + v = 3*v - 8. Let b(m) = -m + 10. Calculate the remainder when 6 is divided by b(a).
0
Suppose 0*r - 3*r = -18. Calculate the remainder when r is divided by 4.
2
Let v = 3 + 2. Calculate the remainder when 2/v - 146/(-10) is divided by (6/12)/((-5)/(-90)).
6
Let l(k) = k**3 + 7*k**2 + 6*k + 8. Let i be l(-6). Calculate the remainder when 18 is divided by 4/i*(22 - 2).
8
Let p = -5 - -15. Let q be (-8)/4 - (-18 + -1). Suppose 19*h - q*h = 38. What is the remainder when h is divided by p?
9
Calculate the remainder when 29 is divided by 15/(-6)*(-18)/3.
14
Let y = -1067 + 1815. Suppose 0 = -5*d + y - 58. Calculate the remainder when d is divided by 35.
33
Suppose 3*g + g - 4*l = 72, -2*g - 4*l = -42. What is the remainder when g is divided by 2 - (0 - 16/2)?
9
Let v = -22 + 48. Suppose -5*z + 3*z + v = 0. What is the remainder when z is divided by 7?
6
Suppose -4*i - 80 = -4*z, -2*i + 8 - 30 = -z. Let l = z - 3. Calculate the remainder when l is divided by 9.
6
Let a(t) = 3*t - 5. Suppose 3*p = -0*p + 87. Suppose -p = -m + 20. What is the remainder when m is divided by a(6)?
10
Suppose -3*b - b + 92 = 0. Let w = b + -9. Let g(y) = -24*y**3 - 2*y - 1. Calculate the remainder when g(-1) is divided by w.
11
Suppose 2*t + 3*i - 4 = 0, -2*t + 2*i + 19 = t. What is the remainder when t is divided by 3?
2
Let q(i) = 6*i - 2. Suppose 5*w - 319 = -5*y + w, -247 = -4*y + 5*w. Calculate the remainder when y is divided by q(3).
15
Let k(m) = -m**2 + 4*m - 2. Let q be k(4). Calculate the remainder when 37 - 2/(q - -3) is divided by (-132)/(-15) + 4/20.
8
Let j(l) be the third derivative of -l**6/120 - 7*l**5/60 + l**4/8 - l**3/6 + 2*l**2. What is the remainder when j(-8) is divided by 10?
9
Suppose 30 = t - 6*t. Let i be (0/(-3) - 1)*5. Let d = i - t. Calculate the remainder when d is divided by 1.
0
What is the remainder when 5 is divided by 3 - (2/6 + (-2)/6)?
2
Suppose n = 4 + 11. Calculate the remainder when 42 is divided by n.
12
Suppose 11*o = 10*o + 9. Calculate the remainder when 16 is divided by o.
7
Let d(t) = 2*t**2 + 13*t + 14. Suppose 3*y - 4*q - 27 = 0, q = -y + 8 + 8. What is the remainder when y is divided by d(-6)?
5
Let h(t) = t**2 + 3*t + 4. Suppose 0 = -5*c + 4*y + 134, -c + 3*c + y - 51 = 0. What is the remainder when c is divided by h(-5)?
12
Let h = -40 - -59. Calculate the remainder when h is divided by 10.
9
Let w(u) = -u**2 - 2*u - 4. Let b be w(-4). What is the remainder when (-156)/(-16) + (-3)/b is divided by 3?
1
Let j(k) = -9*k - 5. What is the remainder when j(-3) is divided by 6?
4
Suppose -2*o + 0 = -4. Calculate the remainder when 12/o + -3 - -16 is divided by 10.
9
Suppose -4*p = -h + 16, 2*h - 2 - 40 = -2*p. Calculate the remainder when 78 is divided by h.
18
Let y be (-1)/4 - 5/(-20). What is the remainder when 16 is divided by y - (1 - (8 - -2))?
7
Suppose 8*l = 13*l - 50. Calculate the remainder when 36 is divided by l.
6
Suppose 2*c + 3*q = q + 8, -c - 3*q = -12. Suppose -2*s + c + 14 = 0. Let u = s + 10. What is the remainder when 49 is divided by u?
15
Suppose 0 = -5*u + u + 48. What is the remainder when 35 is divided by u?
11
Let l(p) = p**2 + 3*p - 7. Calculate the remainder when l(5) is divided by 9.
6
Suppose r - 4*s - 14 = 0, -46 = -2*r - 3*r - 4*s. Calculate the remainder when 88 is divided by r.
8
Suppose 80 = -4*q - 5*k, 44 + 36 = -4*q - 2*k. Let r = -6 - -2. Calculate the remainder when 7 is divided by (-21)/r + 5/q.
2
Let v = 26 - 13. What is the remainder when 50 is divided by v?
11
Suppose r - 16 = -r + 2*g, r + 3*g = -12. Let n(x) = -2*x**2 + 2*x**3 - 3*x**r + 12 - 7*x**2. What is the remainder when 23 is divided by n(-9)?
11
Suppose 3*i - 249 = -4*c, -3*i - 213 = -3*c - 0*i. Suppose 5*f = -3*a + 240, f + 2*a + 11 - c = 0. Calculate the remainder when f is divided by 16.
13
Suppose 0 = 5*w + 3*v - 162, 0*w - 38 = -w - 2*v. Calculate the remainder when 57 is divided by w.
27
Calculate the remainder when (-52)/(-6)*(-63)/(-7) is divided by 20.
18
Suppose 0 = 5*r, 0*j + r + 9 = j. What is the remainder when 1*((0 - 3) + 29) is divided by j?
8
Suppose 4*o - 79 + 23 = 0. Calculate the remainder when ((-3)/(12/106))/(9/(-18)) is divided by o.
11
Suppose -2*w = w - 24. What is the remainder when 18 is divided by 12 - (-3 + (w - 3))?
8
Let x be ((-8)/24)/(1/(-3)). Suppose 4*z - x = 71. What is the remainder when z is divided by 7?
4
Calculate the remainder when ((-1)/2)/(6*10/(-5040)) is divided by 11.
9
Suppose -3*c = 4*m - 67, m = -4*m + 3*c + 50. Suppose b = 4*x - 97, b = -2*x - 2*b + 59. Calculate the remainder when x is divided by m.
12
Let u be 3/(1*6/4). Suppose s + 296 = 6*p - u*p, p = 2*s + 67. What is the remainder when p is divided by 19?
18
Suppose 5*h - 328 = -6*p + 10*p, -326 = -5*h + 3*p. Calculate the remainder when h is divided by (-2 - 6/(-4))*-26.
12
Let r(f) = -f**2 - f + 3. Let c be r(-3). Let p(n) = -n**3 + 3*n + 2. Let j(x) = -x**3 - x**2 - 3*x - 3. What is the remainder when p(c) is divided by j(-2)?
6
Let o(b) = -21*b. Let k be o(-4). Let u(z) = -51*z**3 + 2*z**2 - z. Let a be u(1). Let p = k + a. What is the remainder when p is divided by 12?
10
Suppose 3*i = 4*i - 34. Suppose 5*o = 2*o + 36. What is the remainder when i is divided by o?
10
Let s = -87 - -126. Calculate the remainder when s is divided by 6.
3
Suppose -n = a - 38, n - 2*a = -a + 34. Calculate the remainder when 142 is divided by n.
34
Suppose -b + 600 = 5*b. Calculate the remainder when b is divided by 26.
22
Let z be (-5 - -17)*(-2)/(-4). Let o = z + 3. Let f = o - 5. What is the remainder when f is divided by 2?
0
Let g = 20 - -34. What is the remainder when g is divided by 11?
10
Let n = -21 + 45. What is the remainder when 214 is divided by n?
22
Suppose -2*q = -2*n - 54, -q = 4*n - 22 + 125. Let s = 42 + n. What is the remainder when 63 is divided by s?
15
Let t(h) = 6*h**2 - h - 1. Suppose -2*c = -7*c + 4*z + 10, 0 = 4*z + 20. Let w be t(c). Let s = w - 10. Calculate the remainder when 29 is divided by s.
14
Let b(k) = -k**2 + 24. Let r be (1 - 1)/((-1)/(-1)). Suppose -3*w - 65 = -8*w. Calculate the remainder when b(r) is d